Suppose -2*q = b - 237, 5*q - 6*b - 598 = -3*b. What are the prime factors of q?
7, 17
Let g(n) = -n**2 + 12*n + 2. List the prime factors of g(10).
2, 11
Suppose -4 = -2*b + 4, 4*b - 16 = -5*a. Suppose 4*i + m - 2*m - 4 = a, 20 = 5*m. What are the prime factors of i?
2
Let l = -14 + 22. What are the prime factors of 330/21 - l/(-28)?
2
Let j = -81 + 304. List the prime factors of j.
223
Let x = -87 - -126. Suppose -c = 7 - x. What are the prime factors of c?
2
Suppose -9 = k + 58. Let j = -39 - k. What are the prime factors of j?
2, 7
Suppose -2*g = 5*k + 2*g + 40, -2*g = 4*k + 26. Let y(m) = -m**3 - 3*m**2 + 2*m - 5. Let c be y(k). Let t = 8 - c. What are the prime factors of t?
5
Let x be (-76)/(-12) - 1/3. Let g = x - -14. What are the prime factors of g?
2, 5
Let s(u) be the second derivative of u**6/120 + u**5/30 - u**4/8 + u**2 - 2*u. Let h(p) be the first derivative of s(p). List the prime factors of h(2).
2, 5
Let j = -227 + 643. List the prime factors of j.
2, 13
Suppose 2*l = d - 8 + 21, 5*d = -4*l + 19. Let t = l + 6. What are the prime factors of t?
2, 3
Let d(b) = b**3 - 4*b**2 - 2*b - 7. Let u be d(5). Let o be 6/(-4)*u/(-3). Suppose -2*z + o*z + 5*w = 13, -9 = -3*z + 3*w. What are the prime factors of z?
2
Let i = 415 - 264. What are the prime factors of i?
151
Let z(n) = -2*n - 37. Let x(r) = r + 19. Let j(c) = -7*x(c) - 4*z(c). What are the prime factors of j(-7)?
2
Suppose 2*y - 122 = -v, -540 = -v - 4*v + 4*y. List the prime factors of v.
2, 7
Let h(s) = s**3 - 3*s**2 - 4*s + 6. Suppose 3*a + 5*o = -60, 5*a + 5*o = -6 - 84. Let l = -11 - a. List the prime factors of h(l).
2, 3
What are the prime factors of 715/25 + (-3)/5?
2, 7
Let c be -5 + 3 + 1*2. Let b be (-1 - -3)*(4 - c). Let w(i) = 2*i - 8. What are the prime factors of w(b)?
2
Let q(h) = -h**2 - 15*h + 2. What are the prime factors of q(-8)?
2, 29
Suppose -4*r + 2*y + 2 = -y, -4*r = 3*y - 14. Suppose -12 = -3*g + 4*t + 15, -g - r*t = -9. What are the prime factors of g?
3
Suppose 5*t - 360 = 360. List the prime factors of t.
2, 3
Let g(h) = h**2 - 5*h - 3. Let z(r) be the third derivative of -r**3/6 - 3*r**2. Let j(d) = -g(d) + 4*z(d). What are the prime factors of j(4)?
3
Let z(n) = -2*n - 7. Let l be z(-5). Suppose -l*q + 61 = -77. List the prime factors of q.
2, 23
Let y(d) be the first derivative of d**3/3 - 2*d**2 + 7*d + 2. Suppose f + 2*z = 1, -z = -f - 0 + 7. List the prime factors of y(f).
2, 3
Suppose -2*z + 4 + 92 = 0. List the prime factors of z.
2, 3
Let j = 72 + -2. Let n be (j/21)/(4/(-6)). Let o(y) = y**2 + 4*y + 7. List the prime factors of o(n).
2, 3
Suppose 5*s - 2*s = 6. Suppose 4*y - 2 - s = 2*z, -4*y = z - 10. What are the prime factors of z?
2
Let c be ((-2)/6)/(7/(-399)). Suppose f = 11 + c. What are the prime factors of f?
2, 3, 5
Let x = -125 + 349. What are the prime factors of x?
2, 7
Let y(k) = -k**3 + 6*k**2 - 3*k - 1. Let s be (-14)/(-6) + (-4)/(-6). Let r be (-6)/s*5/(-2). What are the prime factors of y(r)?
3
Let a = 4 - 3. Let j(t) = 5*t**3 + t**2 - 1. Let k be j(a). Suppose 3*b = -r - k - 2, -b - 3 = 0. What are the prime factors of r?
2
Let l(c) = -10*c. Let s be l(-5). Suppose s = 2*a - a. List the prime factors of a.
2, 5
Let l = 91 + -36. What are the prime factors of l?
5, 11
Let s(d) = -5*d - 53. What are the prime factors of s(-16)?
3
Suppose -5*m + 861 = -19. What are the prime factors of m?
2, 11
List the prime factors of ((-1)/(-2))/((-7)/(-70)).
5
Let j(x) = 2*x**2 + 2*x + 188. List the prime factors of j(0).
2, 47
Suppose 7 = -3*a + 1. What are the prime factors of (-141)/(-6) - (-3)/a?
2, 11
Suppose -5*b + 45 = -0*b. Suppose -b = -2*d - d. What are the prime factors of 9/(1*d/4)?
2, 3
Suppose 1140 - 5456 = -13*l. What are the prime factors of l?
2, 83
What are the prime factors of 2*(4 + (-47)/(-2))?
5, 11
Suppose 5*w + 19 = -2*v, 0 = -4*v - 5 - 3. What are the prime factors of 1*w + (-2 - -11)?
2, 3
Suppose 0*q = 4*q - 8. Suppose 0 = -2*t - 0*t - q. Let h(j) = -8*j. List the prime factors of h(t).
2
Let q be 0 - 74/2 - 1. Let s = -17 - q. List the prime factors of s.
3, 7
Let k be 142/10 + (-3)/15. What are the prime factors of (-2)/(-7) - (-206)/k?
3, 5
Let h be -2*(-3 + 230/(-4)). Suppose 2 = 5*k - 18, h = 5*s + 4*k. What are the prime factors of s?
3, 7
Suppose 0 = -4*w + 20 + 28. List the prime factors of w.
2, 3
Let z = -20 + 24. Suppose z*q - 6*k - 34 = -3*k, -5*q + 40 = -5*k. What are the prime factors of q?
2, 5
Suppose -4*l + 3*l + 19 = 0. List the prime factors of l.
19
Suppose -3*k + 30 = -x - 16, -k - 4*x + 11 = 0. Suppose k = i - 0*i. List the prime factors of i.
3, 5
Let k = 31 - -21. List the prime factors of k.
2, 13
Suppose n - 9 = 60. List the prime factors of n.
3, 23
Let l(o) = -18*o**3 - 1. Suppose 4*h + u = -3, -4*h = -4*u - 0*u + 8. List the prime factors of l(h).
17
Suppose 38 = 4*a + 2. What are the prime factors of a + 6/3 - 0?
11
Suppose 35 = -3*y - 2*y. Let q = y - -4. List the prime factors of 6/(-4)*20/q.
2, 5
Let d(h) = 89*h**2 - h. Let b be d(-1). Suppose 3*w - b = -2*w. List the prime factors of w.
2, 3
Let c = -4 - -6. Let t(z) = 4 - 4*z**c + 0*z**3 - z**3 + 0*z**3. List the prime factors of t(-4).
2
Let u(a) = a - 2*a - 3*a**2 + 9*a**2. List the prime factors of u(1).
5
List the prime factors of (-10)/15*(-77 - (-2 + 0)).
2, 5
Let l(b) = -b**2 - 11*b - 7. Suppose 78 = 5*q - 42. Suppose 0*y + q = -4*y. What are the prime factors of l(y)?
23
Suppose 0 = 4*n + 20, 5*k - 2*n = 3*n + 440. List the prime factors of k.
83
Let p = 17 - 11. Let k = p + -4. Suppose 0 = 5*m - m + 3*g - 1, 23 = k*m - 3*g. What are the prime factors of m?
2
Let v = 30 - 10. What are the prime factors of v?
2, 5
Suppose -4*p + 5*p = -2*a + 119, -2*p = 10. Suppose 5*n - 8 - 8 = -2*h, -a = -3*h + 2*n. What are the prime factors of h?
2, 3
Let q = 7 - 7. Suppose -5*u + 100 = -q*u. List the prime factors of u.
2, 5
Suppose -8*w = -w - 441. What are the prime factors of w?
3, 7
Let j(c) = -21 - 4*c + 23 + c. What are the prime factors of j(-7)?
23
Let o(s) = 2*s**3 - 3*s**2 - 4*s + 3. Let m be o(3). Let b = m + -11. What are the prime factors of b?
7
List the prime factors of -2 - 4*(1 - 2).
2
Suppose 5*u + 2 - 17 = 0. Suppose -2*z - 25 = 3*n, 0 = 2*n - u*z + 8 + 13. Let o(d) = -d**2 - 9*d + 13. What are the prime factors of o(n)?
13
Suppose -5*r + 2*q = -1 - 318, 3*r + 4*q = 181. List the prime factors of r.
3, 7
Suppose -3*j + 27 = -6. List the prime factors of j.
11
Suppose -5 = k - 9. Suppose 3*d - 16 = -k. What are the prime factors of d?
2
Let q(r) = r**3 - 3*r**2 - 7*r + 5. What are the prime factors of q(6)?
71
What are the prime factors of 303/15 - (42/(-15) + 3)?
2, 5
Let k(v) = -2*v**3 + v**2 + v + 1. Let r be k(-1). Let z be (-9)/2 - r/(-6). List the prime factors of z + 4 + (8 - 0).
2
Let v(a) = -a**2 + a + 1. Let k be v(0). List the prime factors of 45 - (k - (1 + 0)).
3, 5
Let n(f) = 5*f**2 + 5*f + 55. What are the prime factors of n(-6)?
5, 41
Let o(h) = -h**3 - 8*h**2 - 8*h - 7. Let u be o(-7). Let p(r) be the third derivative of -r**6/120 + r**5/60 + 2*r**3/3 + r**2. List the prime factors of p(u).
2
Suppose -2*z - 19 = -7. Let q = z - -9. What are the prime factors of q?
3
List the prime factors of (-6 - (-20)/5) + 35.
3, 11
Let g be (0 - -3) + 4 + -3. Suppose -g*w + 5*a + 9 = -13, 0 = 2*a + 4. What are the prime factors of w?
3
Let n be (-8)/(-28) + (-32)/14. Let s be n/(-4) + (-21)/6. List the prime factors of 30/9 - s/(-9).
3
Let p(k) be the first derivative of k**5/60 - k**4/24 - k**3/2 + k**2 - 1. Let i(m) be the second derivative of p(m). List the prime factors of i(3).
3
Let u be (-5 - -6) + (-16)/(-2). What are the prime factors of (-2)/u + 29/9?
3
List the prime factors of -6*(-6)/(-9)*(-77)/28.
11
Suppose -2*m = 2*b - 2, -3*b + 4*b = 1. Let z(n) = m*n**2 + n**2 - 3*n - 3 - 4. List the prime factors of z(5).
3
Let h be (2 - 1)/((-7)/(-63)). Suppose -s = 4 - h. Let k(y) = -y**2 + 6*y + 3. List the prime factors of k(s).
2
Suppose 3*q - 14 = -2*w, 2*q - 2*w - 14 = -w. Let n = -4 + q. Let z = n - -3. List the prime factors of z.
5
Suppose 3*q - 27 - 1 = -5*m, 2*q - 3*m + 13 = 0. Suppose -r + q - 22 = -5*j, -2*r - 12 = -4*j. List the prime factors of r.
2
Let r be (20/6)/(4/(-6)). Let i(o) 